 number?
False
Is 2689437 composite?
True
Is 103604561 a composite number?
False
Is 26095309 a composite number?
False
Is 1412881841 prime?
False
Is 9100099 prime?
True
Is 66457 a composite number?
False
Is 4646459 a composite number?
False
Is 39989009 composite?
False
Is 605981 prime?
False
Is 397121317 prime?
True
Is 208216537 a prime number?
True
Is 18896179 a composite number?
True
Is 43104241 prime?
False
Is 6428147 prime?
False
Is 267922913 a composite number?
False
Is 10885489 prime?
False
Is 67973 composite?
True
Is 495896213 prime?
True
Is 113714519 prime?
True
Is 9386791 prime?
True
Is 99395722 composite?
True
Is 13665983 prime?
True
Is 6323437 prime?
False
Is 6765833 a composite number?
True
Is 10752439 a prime number?
True
Is 29848421 a prime number?
True
Is 13836131 prime?
False
Is 525937 a composite number?
False
Is 126214241 prime?
False
Is 349376523 prime?
False
Is 544367 a composite number?
False
Is 5671469 a prime number?
False
Is 1644547 a prime number?
True
Is 4631881 prime?
True
Is 2458769 a prime number?
False
Is 55111387 composite?
True
Is 84599579 a composite number?
True
Is 2934541 composite?
True
Is 19453034 prime?
False
Is 205510561 prime?
True
Is 3577551 prime?
False
Is 2161253 prime?
True
Is 95947217 composite?
False
Is 24005009 composite?
True
Is 28160095 a prime number?
False
Is 42318077 prime?
True
Is 1229483 composite?
False
Is 142513901 prime?
False
Is 11164429 a prime number?
True
Is 2237974 composite?
True
Is 1880621 a prime number?
False
Is 86695099 a prime number?
False
Is 4123949 prime?
True
Is 104092213 prime?
False
Is 22633849 a composite number?
True
Is 166463573 prime?
False
Is 7563139 a prime number?
True
Is 3351071 prime?
True
Is 166709 a composite number?
True
Is 2061473 prime?
False
Is 6371221 composite?
True
Is 4158043 a prime number?
False
Is 94416649 composite?
False
Is 1076917 a composite number?
False
Is 57576793 a composite number?
False
Is 18659518 a prime number?
False
Is 71849111 prime?
True
Is 45449951 prime?
False
Is 10098521 a prime number?
False
Is 549197683 composite?
False
Is 163272671 a composite number?
False
Is 57418051 a prime number?
False
Is 165617161 a composite number?
False
Is 3228341 a prime number?
True
Is 5694317 prime?
False
Is 1799503 prime?
True
Is 4306537 a prime number?
True
Is 3605773 composite?
True
Is 1240607 a prime number?
True
Is 35970029 composite?
False
Is 284690467 prime?
True
Is 1354443 a prime number?
False
Is 5591281 prime?
True
Is 146196683 a prime number?
False
Is 21519169 a composite number?
True
Is 13904263 a composite number?
False
Is 323167147 a prime number?
True
Is 19155467 a composite number?
False
Is 258751 prime?
False
Is 27715243 composite?
True
Is 64890113 a prime number?
True
Is 523165733 a prime number?
True
Is 14065639 a composite number?
True
Is 30893997 a composite number?
True
Is 8839 prime?
True
Is 19063117 a composite number?
False
Is 123750611 a prime number?
True
Is 60816827 prime?
False
Is 397298867 prime?
False
Is 92692723 composite?
True
Is 35222641 composite?
True
Is 4373731 a composite number?
False
Is 24962387 a prime number?
True
Is 65005519 prime?
False
Is 48092683 prime?
True
Is 33451141 a composite number?
True
Is 11573759 composite?
False
Is 9167419 prime?
True
Is 9782407 a composite number?
True
Is 393105291 a composite number?
True
Is 36456323 a prime number?
False
Is 844454203 prime?
True
Is 7686641 a prime number?
False
Is 12160511 prime?
False
Is 46863017 a composite number?
False
Is 23159611 a composite number?
False
Is 69191729 a prime number?
True
Is 18423211 prime?
True
Is 11091662 composite?
True
Is 12362619 composite?
True
Is 976243 a prime number?
False
Is 1080383237 prime?
True
Is 5747449 prime?
True
Is 5408309 prime?
True
Is 25766597 composite?
True
Is 17001407 composite?
False
Is 577586935 composite?
True
Is 27279565 a prime number?
False
Is 5125489 a composite number?
True
Is 38811179 a composite number?
True
Is 9920467 prime?
True
Is 108793051 composite?
False
Is 4144726 composite?
True
Is 2999141 a prime number?
True
Is 262166759 composite?
True
Is 909433 a prime number?
False
Is 39386789 a composite number?
True
Is 14114311 a composite number?
False
Is 18282619 composite?
False
Is 48376307 a prime number?
False
Is 10120921 prime?
True
Is 9066503 a composite number?
False
Is 1039226479 a prime number?
False
Is 20684054 prime?
False
Is 50276819 composite?
False
Is 333121417 prime?
True
Is 132929 prime?
True
Is 253853 prime?
True
Is 3735413 composite?
True
Is 37840885 a composite number?
True
Is 75836003 prime?
True
Is 7880341 composite?
True
Is 80385541 prime?
False
Is 576781 composite?
True
Is 344793637 prime?
True
Is 6199993 a composite number?
True
Is 12648373 a prime number?
True
Is 2391503 a composite number?
False
Is 8596943 composite?
False
Is 66775477 prime?
True
Is 55219793 a prime number?
False
Is 24937247 a prime number?
True
Is 67647791 a composite number?
True
Is 29226677 a composite number?
False
Is 65789827 composite?
True
Is 10417223 prime?
False
Is 3031079 a composite number?
False
Is 55547683 prime?
False
Is 2294723 a prime number?
True
Is 11713649 composite?
False
Is 176639339 a composite number?
True
Is 21384271 a prime number?
False
Is 3312157 composite?
True
Is 7462201 a composite number?
True
Is 4442491 composite?
True
Is 58195421 a composite number?
False
Is 31025849 prime?
False
Is 888389 prime?
True
Is 9661 a composite number?
False
Is 29038699 a composite number?
False
Is 21803533 prime?
False
Is 311114446 composite?
True
Is 3268207 prime?
True
Is 98175905 a composite number?
True
Is 66082985 a composite number?
True
Is 1616723 prime?
True
Is 15583163 composite?
False
Is 13068031 composite?
False
Is 7915522 prime?
False
Is 205351 prime?
False
Is 2962151 composite?
False
Is 50026757 a composite number?
True
Is 1842751 composite?
True
Is 1073717 prime?
True
Is 668617 composite?
False
Is 11481142 a prime number?
False
Is 37264793 composite?
False
Is 1090121 prime?
False
Is 27647069 composite?
False
Is 11296157 a composite number?
False
Is 515041 a composite number?
False
Is 22716129 a composite number?
True
Is 44011178 a composite number?
True
Is 331027 composite?
False
Is 4546133 a composite number?
False
Is 38853001 a composite number?
True
Is 10008511 prime?
True
Is 917537 a prime number?
False
Is 4711583 a composite number?
False
Is 17901101 prime?
True
Is 1222433 a prime number?
True
Is 13191383 a composite number?
False
Is 5794369 a prime number?
False
Is 5235437 a prime number?
True
Is 4898209 composite?
True
Is 15258071 prime?
False
Is 1248757 composite?
False
Is 48481289 composite?
True
Is 80905987 composite?
False
Is 741409595 a prime number?
False
Is 91822721 composite?
False
Is 8890015 composite?
True
Is 1903597 composite?
False
Is 292029679 composite?
False
Is 316361531 a prime number?
False
Is 32750227 a prime number?
True
Is 5234206 prime?
False
Is 42217277 prime?
True
Is 7025329 a prime number?
True
Is 36272057 a prime number?
True
Is 61228117 prime?
True
Is 590429 a prime number?
False
Is 75892049 composite?
False
Is 24442553 composite?
False
Is 167649487 composite?
False
Is 28314571 a prime number?
False
Is 21920579 a composite number?
True
Is 28095137 a prime number?
False
Is 78675817 composite?
True
Is 233046673 a composite number?
True
Is 252032421 prime?
False
Is 44360627 a prime number?
False
Is 1696691 prime?
True
Is 873929 prime?
False
Is 17866631 a prime number?
False
Is 238809071 prime?
False
Is 31299221 a composite number?
False
Is 1947193 composite?
False
Is 34321253 composite?
False
Is 2830831 a prime number?
False
Is 1647563 a composite number?
False
Is 52517 composite?
False
Is 930061 prime?
False
Is 39820607 a prime number?
True
Is 109359221 prime?
True
Is 8987383 a composite number?
False
Is 36941531 a prime number?
False
Is 1243093 a prime number?
True
Is 7406947 prime?
True
Is 3207838 a prime number?
False
Is 2312647 a composite number?
True
Is 11416823 composite?
True
Is 938533 composite?
False
Is 21045197 a composite number?
False
Is 705389 a composite number?
False
Is 11485621 a prime number?
False
Is 2272013 a composite number?
False
Is 9990653 a prime number?
True
Is 256583471 prime?
True
Is 1563167 prime?
False
Is 7250303 composite?
T